What is the highest common divisor of 575 and 5225?
25
What is the highest common divisor of 5945 and 19270?
205
What is the highest common factor of 1971680 and 50?
10
Calculate the greatest common factor of 7958 and 3634.
46
Calculate the greatest common factor of 264328 and 36613.
893
What is the highest common factor of 38295 and 137011?
851
What is the greatest common divisor of 94138 and 242?
242
What is the highest common divisor of 12 and 16842?
6
What is the greatest common factor of 7 and 891919?
7
What is the greatest common factor of 10250 and 4?
2
What is the highest common divisor of 85560 and 2232?
744
What is the greatest common factor of 1011 and 72?
3
Calculate the greatest common divisor of 186067 and 266.
133
Calculate the greatest common divisor of 968 and 486178.
242
Calculate the highest common divisor of 85125 and 750.
375
What is the highest common factor of 2290 and 24880?
10
Calculate the greatest common factor of 107887 and 2193.
43
Calculate the highest common divisor of 169 and 148720.
169
Calculate the greatest common factor of 546 and 494364.
78
What is the highest common factor of 18128 and 2992?
176
What is the highest common factor of 812 and 1860698?
406
Calculate the greatest common divisor of 14873 and 28356.
139
Calculate the greatest common factor of 512 and 3824.
16
What is the highest common factor of 2691 and 36?
9
Calculate the greatest common divisor of 317 and 6613888.
317
What is the greatest common factor of 384 and 979128?
24
Calculate the greatest common divisor of 185812 and 77.
11
What is the greatest common factor of 355 and 234655?
355
Calculate the greatest common divisor of 9057405 and 21.
21
What is the highest common factor of 2208 and 874644?
276
What is the greatest common factor of 4752 and 330192?
144
What is the highest common factor of 37645 and 5?
5
What is the highest common divisor of 2520378 and 249?
249
Calculate the highest common divisor of 3831 and 3510473.
1277
What is the highest common divisor of 2448 and 11768?
8
Calculate the highest common divisor of 699 and 733018.
233
Calculate the highest common factor of 100464 and 504.
168
Calculate the highest common divisor of 6300 and 30300.
300
What is the highest common divisor of 13474384 and 16?
16
What is the highest common divisor of 736 and 4064?
32
Calculate the greatest common factor of 473 and 5547.
43
Calculate the greatest common factor of 13754 and 1118.
26
What is the greatest common divisor of 48735 and 57?
57
Calculate the greatest common divisor of 4672 and 5696.
64
Calculate the greatest common divisor of 292204 and 132.
44
Calculate the greatest common factor of 24 and 165128.
8
Calculate the highest common factor of 146 and 74752.
146
What is the greatest common factor of 862619 and 83?
83
Calculate the highest common divisor of 128 and 1588.
4
What is the highest common factor of 3513952 and 520?
104
What is the greatest common divisor of 19 and 17953651?
19
What is the greatest common divisor of 2658 and 2538?
6
Calculate the greatest common divisor of 4675 and 1282650.
425
Calculate the greatest common factor of 128 and 100656.
16
What is the greatest common factor of 339 and 639693?
339
Calculate the highest common divisor of 2270 and 1190.
10
Calculate the greatest common divisor of 7 and 7922796.
7
Calculate the greatest common divisor of 250 and 154625.
125
What is the highest common factor of 146768 and 32?
16
Calculate the highest common factor of 1196 and 7428356.
1196
Calculate the greatest common factor of 1443 and 55887.
39
What is the greatest common factor of 24 and 17086?
2
What is the greatest common divisor of 380396 and 244?
244
What is the highest common divisor of 7404 and 132?
12
What is the greatest common divisor of 5292 and 50652?
756
What is the greatest common factor of 1045 and 11571?
19
Calculate the highest common divisor of 3159 and 44712.
243
Calculate the highest common factor of 367 and 244789.
367
What is the highest common factor of 22 and 5126?
22
Calculate the greatest common divisor of 3713996 and 143.
143
Calculate the highest common factor of 465 and 213745.
155
What is the highest common divisor of 416 and 12662?
26
Calculate the greatest common divisor of 36016 and 1000.
8
Calculate the highest common divisor of 722316 and 84.
84
Calculate the greatest common divisor of 25844 and 218764.
364
What is the highest common factor of 48671 and 1227?
409
Calculate the highest common factor of 560 and 749.
7
What is the highest common factor of 884 and 286?
26
Calculate the highest common divisor of 12 and 61108.
4
What is the highest common factor of 266 and 81578?
14
Calculate the greatest common divisor of 646204 and 430.
86
What is the greatest common divisor of 787451 and 737?
67
What is the highest common factor of 388271 and 247?
13
What is the greatest common factor of 141 and 21103?
47
Calculate the greatest common divisor of 18 and 724266.
18
What is the highest common divisor of 4216 and 9838036?
2108
Calculate the highest common divisor of 38 and 49438.
38
What is the highest common factor of 267 and 25721?
89
Calculate the highest common divisor of 258723 and 57.
57
What is the highest common factor of 84964 and 22?
22
Calculate the highest common divisor of 180 and 1732500.
180
What is the greatest common factor of 16680 and 11400?
120
Calculate the greatest common divisor of 298914 and 924.
462
Calculate the highest common factor of 235695 and 209.
19
Calculate the highest common divisor of 7416 and 1152.
72
Calculate the highest common factor of 120 and 103830.
30
Calculate the highest common divisor of 18288 and 192.
48
Calculate the highest common divisor of 340 and 950470.
170
Calculate the highest common factor of 4 and 123233.
1
What is the highest common factor of 2660 and 11942?
14
Calculate the highest common factor of 533 and 25798266.
533
What is the greatest common divisor of 2112 and 138512?
176
Calculate the greatest common divisor of 5187 and 84.
21
What is the greatest common factor of 232921 and 221?
13
What is the greatest common divisor of 60129 and 77571?
459
What is the highest common factor of 302 and 1761264?
302
Calculate the highest common factor of 1138 and 1186.
2
What is the highest common factor of 24609 and 143?
13
What is the greatest common divisor of 62 and 174778?
62
Calculate the greatest common divisor of 28448 and 42164.
508
Calculate the greatest common factor of 8 and 1176376.
8
What is the greatest common factor of 364 and 20644?
52
Calculate the greatest common factor of 29634 and 220.
22
What is the greatest common divisor of 10890 and 90?
90
Calculate the greatest common factor of 2140 and 19367.
107
What is the greatest common factor of 8673 and 3381?
147
What is the highest common factor of 2420685 and 15?
15
Calculate the highest common factor of 3689 and 414749.
527
Calculate the greatest common factor of 3894 and 86022.
354
What is the highest common divisor of 7300 and 1075?
25
What is the highest common factor of 660 and 94155?
15
Calculate the highest common factor of 4328 and 593477.
541
Calculate the greatest common divisor of 2150 and 128.
2
Calculate the greatest common divisor of 9324 and 3219.
111
What is the greatest common divisor of 1809 and 32763?
201
What is the greatest common divisor of 2 and 60630?
2
What is the highest common divisor of 500 and 270?
10
Calculate the greatest common divisor of 83384 and 34.
2
Calculate the highest common factor of 503 and 132792.
503
Calculate the greatest common divisor of 184 and 4436.
4
What is the highest common factor of 24304 and 8624?
784
Calculate the highest common factor of 34 and 737052.
34
Calculate the greatest common factor of 176239 and 28139.
1481
What is the greatest common factor of 274620 and 25472?
796
Calculate the greatest common factor of 1340009 and 473.
473
What is the highest common divisor of 800 and 1233000?
200
Calculate the highest common divisor of 1548 and 4833630.
774
What is the greatest common divisor of 135 and 448?
1
Calculate the highest common factor of 129 and 4467399.
129
What is the highest common divisor of 1412 and 325466?
706
Calculate the greatest common factor of 538248 and 36.
12
What is the greatest common 